late the greatest common factor of z and n.
13
Let y(w) = w**3 + 5*w**2 + 5. Suppose 6*a - 15 = -45. Let t be y(a). Suppose -2*d = r - 28, -75 = -6*d + d - t*r. What is the highest common divisor of 1 and d?
1
Suppose 29*y = -86 + 8496. What is the greatest common factor of y and 493?
29
Suppose 14*t - 13*t = 4. Suppose q = -t*q + 770. Calculate the greatest common divisor of 28 and q.
14
Let v(c) = -c**3 + 11*c**2 - c - 1. Let h be v(11). Let w = 14 + h. Let s = 1165 + -1159. What is the highest common factor of w and s?
2
Let x be 4 + (6 - 30/6). Suppose x*n + 14 = -2*s + 34, 40 = 4*s - 3*n. What is the greatest common divisor of s and 15?
5
Suppose 8490 = x - 4*i, 0*x = -4*x + 7*i + 33933. What is the greatest common divisor of 54 and x?
54
Let m = -8118 + 16007. What is the highest common divisor of m and 23?
23
Suppose 3*p - 449 = 370. Let q = -180 + 219. Calculate the highest common divisor of q and p.
39
Let h(u) = -140*u - 877. Let k be h(-8). Calculate the highest common divisor of 648 and k.
81
Suppose 3*f = q - 115, 5*f = -2*q - q + 345. Suppose -5*g - q = 140. Let v = -28 - g. Calculate the highest common factor of v and 46.
23
Let v(k) = 3*k**3 - 5*k + 4. Let y be v(2). Let j = y + -16. Let c be (3 - j)*2 - -3. Calculate the greatest common divisor of 40 and c.
5
Let c be (-2)/(-13) - 649502/(-1547). Calculate the highest common factor of 266 and c.
14
Let z(u) = u**2 - u. Let y be z(-1). Suppose -5*x = 3*t - 182, 94 = 5*x - 5*t - 96. Suppose x - 115 = -3*n. Calculate the greatest common factor of n and y.
2
Let p = -1 + -1. Let g be p/9 + (-101)/(-9). Let v = 5151 - 5150. What is the highest common factor of g and v?
1
Suppose -a + 3*a = -3*w - 41, -5*a = 2*w + 20. Let z be (-20)/w + 2/(-6). Let u = -1572 + 1595. Calculate the greatest common factor of z and u.
1
Let x be (-18)/(1*5/(-10)). Suppose 0 = 40*v - x*v - 88. Calculate the greatest common divisor of v and 2.
2
Suppose -8 = -4*t + 2*t. Suppose 112 = 4*a - 3*b - 3, -5*a + 136 = t*b. Let k = 45 + 95. Calculate the greatest common factor of k and a.
28
Let k = 113 + -29. Let q(s) = -2098*s + 44079. Let i be q(21). Calculate the highest common factor of k and i.
21
Let x(m) = m**3 + 5*m**2 - m. Let l be x(-5). Let d(c) = 18*c - 47. Let h be d(4). Let t be 0/(2 - -1) + h. Calculate the greatest common factor of t and l.
5
Let r(b) be the first derivative of 60*b**2 - 100*b - 122. Let q be r(2). Calculate the highest common factor of 224 and q.
28
Suppose 0 = 2*v - 3*z - 7485, 71*z - 68*z - 11190 = -3*v. Calculate the greatest common factor of 83 and v.
83
Suppose -1071 = -w + 3*j, 20*j = 5*w + 19*j - 5453. What is the highest common divisor of w and 126?
42
Let g(j) = 2*j**2 + 2*j - 1. Let z be g(1). Suppose -10 = -z*q - 85. Let l = q - -77. Calculate the greatest common divisor of l and 13.
13
Let t be ((-122)/4)/(((-6)/(-180))/(16/(-48))). Calculate the greatest common factor of 15 and t.
5
Suppose 18*i - 1036 = -28*i - 116. Calculate the greatest common divisor of i and 930.
10
Suppose 765 = 5*c + 3*i - 213, -i + 586 = 3*c. Let o = 240 - c. Calculate the greatest common factor of o and 60.
15
Suppose y = 5*y - 24. Let d = -1008 + 997. Let h be (-1 - (d - -7)) + (44 - -1). Calculate the greatest common divisor of y and h.
6
Suppose -155 = x + 5*f, 6*f + 340 = -2*x + 2*f. Let i be ((-8)/(-6) - 3)/(50/x). What is the highest common divisor of i and 14?
2
Let z(m) = -1281*m + 997. Let w be z(-7). Calculate the greatest common divisor of 4 and w.
4
Suppose -233 = -5*c - 2*u, 4*c + 20*u = 21*u + 176. Calculate the greatest common factor of c and 288.
9
Let d = 9 - 6. Suppose 0 = 570*z - 578*z - 160. Let i be 12/(5/z - 34/(-8)). Calculate the highest common factor of i and d.
3
Let m be (-2)/14*-456 + (-5)/35. Suppose 5*p = 0, -8*d = -4*d - 4*p - 308. Let g = d - m. What is the greatest common divisor of 36 and g?
12
Let d be (1 + (-992)/(-64))/(1/10). Calculate the greatest common factor of d and 781.
11
Let h(y) = -y**3 - 137*y**2 - 529*y + 495. Let g be h(-133). Calculate the greatest common divisor of 21152 and g.
32
Let n = 30984 - 30872. Calculate the highest common factor of n and 10248.
56
Let u(m) = 44*m**2 + 679*m - 1358. Let g be u(2). What is the highest common factor of 1024 and g?
16
Let v = 29 - 15. Let a be 2/6 + 806/39. Suppose -24 = -2*u - r + a, 2*u = r + 39. What is the greatest common factor of u and v?
7
Let b = 62 + -107. Let u = -43 - b. Suppose 5*k - 207 = u*k. Calculate the greatest common divisor of 23 and k.
23
Let n be 24/16 - (-154)/(-4). Let f be ((-133)/21 + 6)*(n - -1). What is the greatest common factor of f and 42?
6
Suppose -4*j - j - 2*k + 610 = 0, -4*k - 610 = -5*j. Suppose 3*i - j = -38. Let g = -11 + i. What is the highest common factor of 34 and g?
17
Suppose 2 = j - 1. Let y = -6200 - -6207. What is the highest common factor of j and y?
1
Let u be 9/(-36) - (-132)/16. Let f be (-20 - u)/(1*(-1 - 0)). Calculate the highest common divisor of f and 49.
7
Let z(m) = 258*m**3 + 2*m**2 - 1. Let o be z(1). Let t = o - 131. Let n be 81/(-36)*t/(-6). What is the greatest common divisor of 16 and n?
16
Suppose 6*l - 108 = -0*l. Suppose l*o + 12 = 16*o. Let a be (o/8)/((-1)/24). Calculate the greatest common factor of 12 and a.
6
Suppose -4*u + 212 = -4*d, 0*u - 5*d = 5*u - 245. What is the greatest common factor of 12597 and u?
51
Let r(v) = 369*v**3 + v**2 - 8*v + 6. Let l be r(1). Calculate the greatest common divisor of l and 64.
16
Let f = -3650 + 5144. What is the highest common factor of f and 36?
18
Suppose 2*a - 32 = 19*m - 15*m, -m + 1 = 0. Let s be (90/8)/((-129)/(-688)). Calculate the greatest common divisor of a and s.
6
Let n(o) = 3*o - 40. Let a be n(15). Suppose -a*h + 161 + 559 = 0. Calculate the highest common factor of 27 and h.
9
Suppose 146*q = 137*q + 5400. Let a = q + -216. What is the highest common factor of a and 96?
96
Suppose 353*k + 475 = 372*k. What is the highest common divisor of 26525 and k?
25
Let o(f) = 716*f + 2879. Let h be o(-4). Calculate the greatest common factor of 1 and h.
1
Let m(x) = -x**2 + 8*x - 4. Let r be m(3). Suppose 2743 = 22*t + 807. Calculate the greatest common divisor of r and t.
11
Suppose -l + 2647 = -a, -5279 = -18*l + 16*l - a. Suppose -23*t + l - 342 = 0. Calculate the highest common factor of 260 and t.
20
Let j(g) = -g**2 - 146*g - 4993. Let b be j(-87). What is the highest common divisor of 252 and b?
28
Let z = 434 + -301. Let q = z + -123. Calculate the greatest common divisor of q and 20.
10
Let q be 1 - (-9)/6*(10 - 4). Let s be (-27)/45*q/(1 + -2). What is the highest common divisor of 48 and s?
6
Suppose 1012108 = 100*d + 88*d - 435116. Calculate the greatest common factor of 6 and d.
6
Let s(o) = o**3 + o**2 + 4*o + 9512. Let i be s(0). What is the greatest common factor of 464 and i?
232
Let a be (-2)/(-6) + (-38)/(-3). Let z be (-722)/10 - 188/235. Let l = z + 190. Calculate the highest common divisor of l and a.
13
Let q be (10 - -4)/((-8)/4). Let f(m) = m**3 + 7*m**2 - 4*m. Let b be f(q). Let c = -22 + b. Calculate the highest common factor of 6 and c.
6
Let k(r) = -r**2 - 10*r + 7. Let u be k(-11). Let y be 0 - u - 1 - -11. Let g be 1/(((-2)/4)/(35/(-2))). What is the greatest common divisor of y and g?
7
Let r = -353 + 518. Suppose r = 28*l - 25*l. What is the highest common factor of l and 385?
55
Let a = -22 - -37. Let q(h) = 1351*h**2 + 1215*h - 1. Let d be q(-1). What is the highest common factor of d and a?
15
Suppose -n = 5*a - 24, 37*n - 8 = -a + 40*n. Calculate the greatest common factor of a and 2385.
5
Let v be (-1176)/7056 - (673/(-6) - -1). Calculate the highest common factor of 11877 and v.
111
Let r = 13 + 6. Let i be -1 + 2 + -1 + r*-4. Let x = i + 88. Calculate the highest common divisor of x and 204.
12
Suppose 5*p = -714*g + 712*g + 97, 2*p + 6 = 0. What is the greatest common divisor of 492 and g?
4
Let g be 36/15*40*-25*9/(-60). What is the greatest common divisor of g and 495?
45
Let o = -27991 + 35369. Calculate the highest common divisor of 85 and o.
17
Let m(u) = -u + 148. Let x(g) = -15*g + 18. Let v be x(2). Let f be m(v). Calculate the greatest common factor of 20 and f.
20
Let h be -10*(3/8 + (189351/(-72) - 8)). What is the highest common d